Let w be ((-1)/1 - -5)*(-51)/(-34). Let y(q) = 16 - 4 + 33*q**2 + 3*q - w*q - 7*q. Is y(7) a composite number?
False
Let k(o) = 2468*o. Let p be k(-1). Let i = p + 4339. Is i a composite number?
False
Suppose 12*d = 14*d + 3*n - 168214, 0 = -3*d - 2*n + 252321. Is d composite?
True
Suppose 0 = 5*g + 3*w - 112670, 20*g - 27*g + 157702 = -3*w. Is g composite?
False
Suppose 3*n + 179992 = 7*n. Suppose -2*p = 3*u - n, 57294 - 169794 = -5*p - 5*u. Is p a composite number?
True
Let q(v) = 111*v**2 - 35*v + 239. Is q(-18) composite?
False
Suppose 0 = -10*h + 6*h + 8. Suppose -4*k - 12 = 0, -6*x = -h*x + 4*k - 5376. Is x a prime number?
False
Let b(j) = -4*j. Let m(x) = -133*x - 97. Let t(w) = -5*b(w) + m(w). Is t(-12) a prime number?
True
Let j(r) be the third derivative of 37*r**5/60 - 5*r**4/24 - r**3/6 - r**2. Let o be -8 + 1 - (-2)/(0 + 2). Is j(o) composite?
False
Let j(m) = -63*m**3 - 4*m**2 - 29*m + 11. Is j(-6) a prime number?
True
Let a be (-2)/(2/5) - -9. Suppose 2*h + 4 = a*h + y, h + 4*y + 5 = 0. Suppose -2*t + 121 = -l, -l - 192 = -h*t + 4*l. Is t a prime number?
True
Let k be (-50)/(-4) + 6/(-12). Let x(d) = -5*d**3 + 9*d**2 - 10*d - 23. Let s(m) = -m**3 - m**2 - m - 1. Let a(t) = -4*s(t) + x(t). Is a(k) composite?
False
Let v = 52 + -47. Suppose v*f = -f + 20082. Suppose f = w - h, 10013 = 4*w - w + 4*h. Is w a prime number?
True
Let d(q) = 6050*q**2 - 17*q + 39. Let a be d(3). Suppose -5*r + 452 = -2*z - 135595, -2*r = 4*z - a. Is r prime?
True
Let f = 144281 - 67224. Is f a composite number?
True
Suppose -11531*o - 1573497 = -11540*o. Is o composite?
True
Suppose -3*r = -h + 168103, -168113 = -12*h + 11*h - 2*r. Is h prime?
True
Let b(q) be the second derivative of 7*q**6/180 + q**5/60 - 19*q**4/24 - 11*q**3/6 + 44*q. Let n(h) be the second derivative of b(h). Is n(5) composite?
True
Let a(b) = -11*b**3 + 5*b**2 - 16*b + 7. Let n be a(-7). Suppose -s = -f + n, -2*f = -8*s + 5*s - 8278. Is f a composite number?
False
Let f(x) = -x**3 - 19*x**2 - 29*x + 47. Suppose -7*w - 121 = 19. Is f(w) a prime number?
False
Let o = -71910 - -520537. Is o a composite number?
False
Let k(m) = -25*m - 147. Let x be k(-22). Let q = x - -86. Is q composite?
True
Suppose 4*r - 8202 = -2*f, -82*r + 81*r = -5. Is f a prime number?
True
Is (-24)/(-32) - (-1167265)/4 a prime number?
True
Is (3 - 2)/(3/(-6)*60/(-2290170)) a prime number?
False
Let w(j) = -18*j**2 + 6*j - 5. Let u(x) = 35*x**2 - 12*x + 12. Let p(b) = 4*u(b) + 7*w(b). Is p(-12) composite?
True
Let x(d) = -2*d - 2. Let i = -45 + 45. Let b be x(i). Is 1*((-1049)/(-4) - b/(-8)) a composite number?
True
Let d = -119 - -118. Is 168/((8/(-1404))/d) + -1 composite?
False
Suppose 0 = -3*a + 3*m + 6, -9 = -2*a - 0*a + 3*m. Let r be (16/(-3) + a/(-9))/(-1). Suppose 0*v - 1495 = -r*v. Is v prime?
False
Suppose 0*d - 1269 = d + 4*u, -3851 = 3*d + u. Let n = 4546 + d. Is n a composite number?
True
Let z(v) be the second derivative of v**4/4 + v**3/3 - 2*v**2 - v. Suppose -50 = -7*b - 1. Is z(b) composite?
False
Let x = -211816 + 816167. Is x a composite number?
True
Suppose 112 = 6*l + 8*l. Let x(a) = 2*a**3 - 4*a**3 - 2 - 14*a**3 + a**2 - l*a. Is x(-7) composite?
False
Let g(x) = -86*x**3 - 2*x**2 + 1. Let h be g(-3). Suppose -2*s + h + 387 = 0. Let o = s - 439. Is o prime?
True
Let u(q) = 207*q**2 + 4*q + 14. Let p(y) = y**3 + 5*y**2 - 5*y + 9. Let h be p(-6). Is u(h) a composite number?
False
Suppose 150 + 6 = -39*c. Is (23462 + -201)/(2/c*-2) composite?
True
Suppose 0 = -4*k + 61*p - 63*p + 410936, -5*p = -30. Is k a prime number?
False
Suppose 5*c + 5*l = c + 56, 0 = -4*c - l + 40. Suppose 4*h = c*h - 15. Suppose -2*u + 925 = h*u. Is u composite?
True
Let t be ((-84)/(-56))/((-6)/(-8)). Suppose -3*l = -t*k + 1, 3*l + 13 = k + 4*l. Suppose -7*v - 1181 = -k*v. Is v composite?
False
Suppose 11*a - 24 = 35*a. Is 18 + 1641 - (a - -3) a prime number?
True
Let v = 41 + -39. Let x be (0/1)/(v/(-1)). Let b(w) = 5*w + 69. Is b(x) composite?
True
Suppose 0 = -s - 14*s + 4*s + 52261. Is s prime?
True
Let t(p) = -4*p - 50. Let l be t(-13). Suppose 0 = m + l + 5. Is (-5 - (m - -3))/(1/(-97)) composite?
False
Let i(h) = -h + 3. Let j = -53 - -41. Let o be i(j). Suppose -o*m + 851 = -10159. Is m a prime number?
False
Let b(g) = 20*g + 59. Let a(f) = 6*f**2 - 6*f - 3. Let r be a(2). Is b(r) prime?
True
Suppose -2*f - 31919 = -f. Let a = f - -60557. Is a/30 + (-1)/10*-4 prime?
False
Suppose k - 4644 = -4*n, 2*n - 7*n = 3*k - 13897. Let d = k - 1473. Is d composite?
True
Suppose -4*j - 6 = -2*j. Let v(g) = -537*g + 62. Is v(j) a prime number?
False
Let z = -4932 + 24821. Suppose -d + 4*w + 6627 = 3*w, 3*d - 5*w - z = 0. Is d a prime number?
False
Let x(f) = -238*f + 122. Let z be x(-20). Suppose 3*w - v - 21960 = 0, v - z - 9763 = -2*w. Is w a composite number?
False
Suppose y - 777368 = -4*j, 3*j - 2229*y - 583019 = -2228*y. Is j a prime number?
False
Is 498290/4 + (-3)/15 + 14/20 prime?
False
Suppose -3*p + 5*r = -34729, 0 = -p + 2*p - r - 11579. Suppose -5*g + p = -0*l - 4*l, -3*l + 5*g = 8681. Let y = l - -5939. Is y composite?
False
Let o = -1213725 + 1704986. Is o composite?
False
Suppose 21662983 = 295*n - 66738043 - 16524279. Is n composite?
False
Suppose -3*k - 68228 = -2*u - 6*k, -2*u + 68248 = -2*k. Suppose -285 = -22*n - 21. Suppose -4*s + n*s - u = 0. Is s prime?
False
Let q(c) = c**2 + 14*c - 58. Suppose -3*p + 5*s = -86, -2*s - 28 = 5*p - 161. Is q(p) prime?
True
Let t = -86 - -88. Suppose -5*o + 3*m + 23407 = 0, -o - 5*m + 4667 = -t*m. Is o composite?
False
Let h(r) = -2*r - 2. Let j be h(-3). Let t be (158/3)/(j/(-186)). Let q = -756 - t. Is q a composite number?
False
Let z be (-1 + -2)/((-26)/12 + 2). Suppose -z*b + 54443 - 15581 = 0. Is b a composite number?
True
Suppose 8*u = 4*u + 5*i - 25, -5*i = -5*u - 25. Let a be ((-9)/(-36) - (-2926)/8) + u. Let o = 685 - a. Is o a composite number?
True
Suppose 8023 = 3*i - 1157. Suppose -12*r = -11*r + 1973. Let j = i + r. Is j a composite number?
False
Let m(w) = 2*w**2 - 18*w - 51. Let d(q) be the second derivative of -q**3/6 + 21*q**2 - 20*q. Let h be d(17). Is m(h) prime?
False
Suppose 0 = -5*s - 5*z + 236215, 4*s + 120477 = -z + 309467. Is s a prime number?
False
Let x be -5*(2 + ((-39)/(-5))/(-3)). Suppose x*z + 5223 = -4*o, -o + z - 1307 = 2*z. Let l = -851 - o. Is l composite?
True
Let u = -120 + 123. Is -4 - (-4 + (-1*14505)/u) a prime number?
False
Is (-4 + 8 + 259480)/(24/6) a composite number?
False
Suppose -16 = 4*f, 0*f + 4*f = v - 27. Suppose -4955 = -v*m + 721. Let k = -247 + m. Is k prime?
True
Let o = -59272 - -89735. Is o composite?
True
Let u be (-6 + 4)*(-123)/(-6). Let h = 402 + u. Suppose -3*q = -4*c - 1433, -3*c - 1789 + h = -3*q. Is q composite?
True
Suppose 5*j - 23113 = 34687. Suppose c - 63241 - j = -5*r, 0 = -5*r - 2*c + 74797. Is r composite?
True
Suppose -5*u = -2*m - 6438287, -2*u + 85*m + 2575349 = 88*m. Is u prime?
True
Let g = -34 - -34. Suppose -641 = -2*a - f, -4*a + f = -g*a - 1297. Suppose 0 = -4*p + 4, -p - 1131 + a = -w. Is w a prime number?
True
Suppose 3775*k - 3790*k + 1962555 = 0. Is k a composite number?
True
Let h = -271995 + 655330. Is h a composite number?
True
Suppose 2*r - 4*k = -23 - 19, 3*k = 5*r + 91. Is 2 + (1 - 0) - 103088/r prime?
True
Let h(d) = d**3 - 5*d**2 + 3*d + 5. Let i be h(4). Let j be -4 + -1 + 28/i. Suppose 0 = -x - 3*k + 3390 + j, x - 3399 = 4*k. Is x prime?
True
Let g(j) = j**2 - 7. Let a = -17 + 20. Let i be g(a). Is (388/8)/(1/i) prime?
True
Let v = -2508 + 5275. Is (8/(8/4))/(2/v) a prime number?
False
Let s = 42 - 42. Suppose 2 = -j - 4*p + 2*p, -5*p - 5 = s. Suppose 0 = t - j*t - 355. Is t prime?
False
Let a = 82 + -844. Is (-1 + 3 - 3) + a/(-3) a composite number?
True
Let d = -110833 - -200584. Suppose 0 = -10*t - d + 230521. Is t a prime number?
False
Let j(m) = m**3 - 73*m**2 + 148*m - 311. Is j(77) a composite number?
True
Let h = -209373 + 360110. Is h prime?
False
Suppose -2*b = 5*r + 8, 2*b - 32 + 4 = 4*r. Suppose 0 = b*x - 20 - 16. Suppose -2695 = -3*c - 4*p, -2*p + x*p + 909 = c. Is c prime?
False
Let a(v) = -2190*v**3 - v**2 - v. Let p be a(-1). Let o(h) = 22*h**2 - 243*h - 68. Let b be o(15). Let m = p - b. Is m composite?
False
Let x = 169281 - 115126. Is x composite?